{"id":2,"date":"2019-04-04T17:07:30","date_gmt":"2019-04-04T17:07:30","guid":{"rendered":"http:\/\/lckinstalaciones.com\/?page_id=2"},"modified":"2024-01-17T18:37:29","modified_gmt":"2024-01-17T17:37:29","slug":"about","status":"publish","type":"page","link":"https:\/\/lckinstalaciones.com\/","title":{"rendered":"Sobre LCK instalaciones"},"content":{"rendered":"\n<p class=\"has-text-align-left\">LCK instalaciones es una empresa de Alcal\u00e1 de Guada\u00edra instaladora de electricidad, telecomunicaciones, fotovoltaicas, alarmas, cctv y recarga de veh\u00edculos el\u00e9ctricos, avalado por a\u00f1os de experiencia en el sector. Somos servicio oficial t\u00e9cnico Golmar y kostal. <\/p>\n\n\n\n<div class=\"wp-block-group\"><div class=\"wp-block-group__inner-container\">\n<hr class=\"wp-block-separator\"\/>\n\n\n\n<figure class=\"wp-block-embed is-type-video is-provider-youtube wp-block-embed-youtube wp-embed-aspect-16-9 wp-has-aspect-ratio\"><div class=\"wp-block-embed__wrapper\">\n<iframe loading=\"lazy\" title=\"LCK INSTALACIONES VIDEO\" width=\"1200\" height=\"675\" src=\"https:\/\/www.youtube.com\/embed\/Wx2SGEnhG1Y?feature=oembed\" frameborder=\"0\" allow=\"accelerometer; autoplay; clipboard-write; encrypted-media; gyroscope; picture-in-picture; web-share\" allowfullscreen><\/iframe>\n<\/div><\/figure>\n<\/div><\/div>\n","protected":false},"excerpt":{"rendered":"<p>LCK instalaciones es una empresa de Alcal\u00e1 de Guada\u00edra instaladora de electricidad, telecomunicaciones, fotovoltaicas, alarmas, cctv y recarga de veh\u00edculos el\u00e9ctricos, avalado por a\u00f1os de experiencia en el sector. Somos servicio oficial t\u00e9cnico Golmar y kostal.<\/p>\n","protected":false},"author":1,"featured_media":0,"parent":0,"menu_order":0,"comment_status":"closed","ping_status":"open","template":"","meta":[],"_links":{"self":[{"href":"https:\/\/lckinstalaciones.com\/index.php?rest_route=\/wp\/v2\/pages\/2"}],"collection":[{"href":"https:\/\/lckinstalaciones.com\/index.php?rest_route=\/wp\/v2\/pages"}],"about":[{"href":"https:\/\/lckinstalaciones.com\/index.php?rest_route=\/wp\/v2\/types\/page"}],"author":[{"embeddable":true,"href":"https:\/\/lckinstalaciones.com\/index.php?rest_route=\/wp\/v2\/users\/1"}],"replies":[{"embeddable":true,"href":"https:\/\/lckinstalaciones.com\/index.php?rest_route=%2Fwp%2Fv2%2Fcomments&post=2"}],"version-history":[{"count":11,"href":"https:\/\/lckinstalaciones.com\/index.php?rest_route=\/wp\/v2\/pages\/2\/revisions"}],"predecessor-version":[{"id":99,"href":"https:\/\/lckinstalaciones.com\/index.php?rest_route=\/wp\/v2\/pages\/2\/revisions\/99"}],"wp:attachment":[{"href":"https:\/\/lckinstalaciones.com\/index.php?rest_route=%2Fwp%2Fv2%2Fmedia&parent=2"}],"curies":[{"name":"wp","href":"https:\/\/api.w.org\/{rel}","templated":true}]}}